t is the hundreds digit of x?
7
Let l(h) = -7*h - 45. Let y be l(-7). Suppose 5*t = y*t + 218. What is the tens digit of t?
1
Suppose 14213434 = 363*t - 13173827. What is the ten thousands digit of t?
7
Suppose 10 = -2*l, -3*d + 0*d + 20 = -4*l. Suppose d = -3*w + w + 5*w. Suppose w = -2*v, -4*m + 0*v + 120 = -3*v. What is the tens digit of m?
3
Suppose -5 = n - 12. Let d(t) = 158*t - 74. What is the hundreds digit of d(n)?
0
Let v = 5 - 2. Let z(a) = 25*a**3 - 33*a**2 + 6*a + 10. Let p(u) = 9*u**3 - 12*u**2 + 2*u + 4. Let x(f) = -11*p(f) + 4*z(f). What is the tens digit of x(v)?
2
Let r(q) = -q**3 + 15*q**2 - 5*q + 31. Let c be r(9). Suppose 1220 + c = 5*x + p, -5*x = 4*p - 1683. What is the units digit of x?
9
Let w(l) = 229*l**3 + 13*l**2 + 5*l - 7. What is the thousands digit of w(3)?
6
Let t(u) = u**3 + 10*u**2 - 14*u - 9. Let z be t(-9). Suppose 0 = -4*q - w + 3*w + z, 5*w + 87 = 2*q. Let j = -8 + q. What is the tens digit of j?
4
Let l be 0 - (3 - 1 - 4). What is the tens digit of ((-964)/7 - l)/((-28)/196)?
7
Let b(x) = -x**2 + 15*x + 38. Let q be b(16). Suppose -85 = -23*o + q*o. Suppose -195 = -4*u + o. What is the units digit of u?
0
Suppose 32 = 3*s - 73. Let n = -218 - -218. Suppose n = -3*i + 611 - s. What is the hundreds digit of i?
1
Let n(g) = g - 7 - 2 - 11 + 19*g**2 - 7. Let q(p) = -9*p**2 + 14. Let a(u) = -3*n(u) - 7*q(u). What is the units digit of a(-4)?
1
Let o = -6703 - -7538. What is the tens digit of o?
3
Let l(m) = 13*m**2 - 25*m - 136. What is the hundreds digit of l(-6)?
4
Let x = -16686 - -32355. What is the units digit of x?
9
Suppose -227*c = -229*c + 482. Suppose 2*h - 2109 = -c. What is the tens digit of h?
3
Let m(w) = 3*w**2 + 14*w - 122. Let n be m(-24). Suppose 4*p = n + 2642. What is the hundreds digit of p?
9
Suppose -5*f - 10 = -2*p - f, -9 = -p + 4*f. What is the units digit of (-26 + 33)/(p - (-24)/(-25))?
5
Suppose -40*v - 29*v + 133*v = 1996288. What is the ten thousands digit of v?
3
Suppose -4 = 2*q, -10492 = -2*d + 21*q - 22*q. What is the thousands digit of d?
5
Let o(b) = 14*b**2 + 14*b + 17. Let f be (-1 - -2)/((-4)/(-188)). Let h = f - 51. What is the hundreds digit of o(h)?
1
Let t(p) = -p**3 + 25*p**2 - 84*p + 2. Let y be t(21). Suppose -2*n - 1006 = -y*i, 4*i + n - 2012 = -0*n. What is the hundreds digit of i?
5
Let x be (-28)/(-56) + 434/(-4). Let q = 577 + x. What is the units digit of q?
9
What is the thousands digit of 519/346*(-4746)/((-1)/1)?
7
Suppose 0 = 5*q + 18 + 12. Let v be ((-36)/(-15))/(q/80). Let b = -23 - v. What is the units digit of b?
9
Suppose -4*n = -4*v + 2888, -8*v + 2887 = -4*v - 3*n. Let z = -398 + v. What is the units digit of z?
3
Suppose -2038694 - 20002 = -54*v. What is the units digit of v?
4
Let p(v) = 3275*v + 944. What is the units digit of p(5)?
9
Suppose 2*u - 4*k + 1452 = 4*u, -k - 2171 = -3*u. Let t = u + -88. Suppose 9*l + 33 = t. What is the units digit of l?
7
Let v be ((-91)/14)/(-13)*0. Suppose 0 = 33*f - v*f - 7920. What is the hundreds digit of f?
2
Suppose -52*o = -3*y - 58*o + 97278, 64825 = 2*y - 5*o. What is the thousands digit of y?
2
Suppose 2*h = -35*h + 2*h + 177975. What is the units digit of h?
5
Let h(b) = -b**2 + 43*b - 459. Let g be h(24). What is the thousands digit of ((1354/8)/1)/(g/(-24))?
1
Let y = -4389 + 2770. Let j = 2466 + y. What is the tens digit of j?
4
Suppose 5*d = 9 + 11. Suppose d*a + 9061 = 21*a. What is the units digit of a?
3
Suppose -2*b - 29 = -45. Suppose l = p - 4, -2*p = -p - 2*l - b. Suppose -72 = -p*h - h. What is the tens digit of h?
7
Suppose 0 = 28*z - 109828 + 15776. What is the units digit of z?
9
Suppose -j = 4*v - 76044, 3*j = -223*v + 219*v + 76052. What is the hundreds digit of v?
0
Let f(t) = -34*t - 2*t**3 + 57*t + 22*t**2 + t**3 + 0*t**3. Let w be f(23). Suppose -2*d + 15*d - 1326 = w. What is the hundreds digit of d?
1
Suppose -1051*y = -1090*y + 683046. What is the units digit of y?
4
Suppose -m + 782 = -4*z, 0 = -2*z + 3*z + 5*m + 185. What is the units digit of -124*5*78/z?
8
Let m be 3*(-3)/(-36) + (-86994)/(-24). Suppose 8*a + 513 = m. What is the hundreds digit of a?
3
Let v(m) = -4*m**2 - 96*m - 3. What is the tens digit of v(-6)?
2
Let z = -1072 - -255. Let w = -367 - z. What is the units digit of w?
0
Let k be (-15)/45 + ((-377)/(-3))/(-1). Let x = 332 + k. What is the hundreds digit of x?
2
Suppose 4049136 = 415*r + 89*r. What is the tens digit of r?
3
Suppose -6*q + 5263 = -1811. What is the tens digit of (10 - 11)/((-3)/q)?
9
Let v be -2 + 0 + (13 - 11). Suppose 5*l - 4*p + 8*p - 3639 = v, 3*l - 2197 = p. What is the units digit of l?
1
Suppose 5*v - 16*f - 20673 = -10*f, 2*f = -6. What is the tens digit of v?
3
Suppose 7*d - 47436 = 133094. What is the ten thousands digit of d?
2
Suppose 2*c - i = -3*i - 296, -2*c + 5*i - 324 = 0. Let v = c + 455. What is the hundreds digit of v?
3
Suppose 5*v = 2*r + 1431, -11*r + 14*r - 1441 = -5*v. Let n be 0/(2/(-4)*4). Suppose n = -q + 8*q - v. What is the tens digit of q?
4
Let r(s) = 7*s**3. Let x be r(2). Let f be -1*(-932)/8*x/7. Suppose -4*z + 4*k = -f, -376 + 1281 = 4*z + 5*k. What is the tens digit of z?
3
Let i(c) = 7 + 64*c**2 + 0*c - 13 - 2*c + c. Let n be i(-4). Suppose 0*m + 7*m - n = 0. What is the tens digit of m?
4
Suppose 0 = -0*f + 3*f. Suppose 48*s = 94 + 146. Suppose -s*v + 2*v + 291 = f. What is the units digit of v?
7
Let v(f) be the third derivative of f**5/10 - 5*f**4/24 + f**3/2 - 2*f**2. Let h(z) = -14*z**2 - 406*z - 4. Let b be h(-29). What is the hundreds digit of v(b)?
1
Let o be (70/21)/(1/3). Let g be -2*5/o - -4. Suppose 7*c - g*c = 136. What is the tens digit of c?
3
Suppose 8*g - 2*g + 222 = 0. Let b = 40 + g. Suppose 2*o - 291 = -t, b*t = 2*o - 318 + 23. What is the hundreds digit of o?
1
Let a be ((-696)/40)/(2/10). Let k = a - -94. What is the units digit of k/(14/212) - (-1 - 0)?
7
What is the units digit of ((-2354)/(-88) + -20)/(3/2032)?
2
Let c(p) = 5*p**3 - 20*p**2 - 227*p + 4758. What is the units digit of c(24)?
0
Let g(d) = 7*d**3 - d**2 - 3*d - 2. Let s = 624 - 622. What is the units digit of g(s)?
4
Let u = 497 + -495. Suppose 5*a - 881 = -17*t + 16*t, 4*a = u*t - 1762. What is the hundreds digit of t?
8
Let m(a) = -11 + 2 + 8*a**2 - a + a**3 + 20. Let d be m(-8). Suppose 0 = -o + 64 + d. What is the tens digit of o?
8
Let h = 3269 - -948. What is the thousands digit of h?
4
Let f = 3494 - 2831. What is the tens digit of f?
6
What is the tens digit of (11 - 5)/(-6) - (-12941 + -2 - 2)?
4
What is the thousands digit of ((-42156)/6)/((-42)/(-18) - (-308)/(-105))?
1
Suppose 20*y - 1241409 = -98*y - 21*y. What is the hundreds digit of y?
9
Suppose 0*t = 9*t - 45. Suppose -3*d + 7*j - 4*j + 6195 = 0, -t*j = -20. Suppose 871 = 14*w - d. What is the hundreds digit of w?
2
Let s be (-10)/25 + 22/5. Let t(k) = 16*k + 13. Let r be t(5). Suppose s*z - r = z. What is the tens digit of z?
3
Suppose -2539980 = -18*x - 2*x - 16*x. What is the units digit of x?
5
Let c(i) = 3749*i + 293. What is the thousands digit of c(4)?
5
What is the thousands digit of 3/(-6)*-11510 + (1 - 8)?
5
Let p be 3*-1 + -5 + 5 - -1. Let b be (0 + -1 - 39)*5/p. Suppose b = 4*q - 112. What is the units digit of q?
3
Suppose 264*c - 1424239 - 1180475 = -54474. What is the hundreds digit of c?
6
Let t(x) = x**2 - 6*x + 8. Let o be (-1)/7 + 0 + (-144)/(-28). Let l be t(o). Suppose 0 = y + 3 - 5, l*u - 53 = 5*y. What is the units digit of u?
1
Let z(k) be the third derivative of k**4/24 + k**3/3 + 18*k**2. Let g be z(0). Suppose 80 = 3*c + d, -18 = -2*c + g*d + 38. What is the tens digit of c?
2
Let i(d) be the first derivative of 7*d**3/2 + 9*d**2 - 18*d - 26. Let c(m) be the first derivative of i(m). What is the tens digit of c(4)?
0
Suppose 2*r - 4 - 10 = 0. Let a(u) be the first derivative of 3*u**2/2 + 9*u + 49. What is the tens digit of a(r)?
3
Suppose 4*m = 90 - 70. Suppose -4*f + 110 = -34. Suppose -m*t - f = -901. What is the units digit of t?
3
Let m = -49 + 37. What is the units digit of (44/m + (-10)/5)*-111?
9
Let a be 110/((-4)/16*(-3 - -1)). Suppose -2*b - a + 1482 = 0. What is the units digit of b?
1
Let q = 35 - 33. Suppose -5*w + q = -3. What is the units digit of (w - (-5)/(-3))*60/(-8)?
5
Let j(q) be the third derivat